 Give u(5).
-4
Let v = -7 - -3. Let g(w) = w**2 - 27*w + 30*w + 11 - 10. What is g(v)?
5
Suppose 2*g + x + 2*x = 0, 2*g + 2*x = -2. Let s be (-2 - 2)/(-2) + -2. Let h = g + s. Let u(w) = -w**3 - 4*w**2 - 4*w - 2. What is u(h)?
1
Let i(o) = o + 1. Let c(f) = -f**2 + f - 10. Let x(m) = -c(m) - 4*i(m). Calculate x(4).
2
Let c(w) be the second derivative of w**4/12 - 3*w**3/2 + 5*w**2/2 + w. Give c(9).
5
Let y(u) be the second derivative of u**3/6 + u**2/2 - 6*u. Let b be (5 - 7)/(2/(-4)). Calculate y(b).
5
Let h be (-1 - 2 - 4) + 4. Let g(y) = -y**2 + y - 1. What is g(h)?
-13
Suppose 5*o + 32 = -5*i - 3, 0 = -o + 4*i - 12. Let q = o - -11. Suppose -2*t + q*s - 3 = -5*t, 0 = -3*t - 4*s - 1. Let p(k) = -k + 1. Calculate p(t).
-4
Suppose d + 0*d + 10 = 0. Let k be (-6)/d - 54/15. Let f(c) = c**2 - 1. Let g(o) = -o**2 - o + 2. Let y(l) = -2*f(l) - 3*g(l). Calculate y(k).
-4
Let j(d) be the third derivative of d**5/60 - d**4/6 - 4*d**3/3 + 2*d**2. Let a be j(6). Let q(v) = -v**3 + 4*v**2 - v - 1. Calculate q(a).
-5
Suppose 0 = l + 114 - 120. Let c(d) be the first derivative of 1/4*d**4 - 4/3*d**3 - 4 - 5/2*d**2 - l*d. Determine c(5).
-6
Let y(f) = -9*f. Let r(w) = w**2 + 10*w - 1. Let o(i) = 2*r(i) + 3*y(i). Give o(5).
13
Suppose 4*j + j = -15, -4*d + 1 = 5*j. Let a(o) = -6 + 7 - 4 + 2*o. Give a(d).
5
Let i(j) be the second derivative of -j**5/60 - j**4/6 + j**3/2 - j. Let r(l) be the second derivative of i(l). Give r(-4).
4
Let s be (-192)/9 - 1/(-3). Let r = 24 + s. Let f(o) = o**3 - 5*o**2 + 2*o + 4. Determine f(r).
-8
Suppose 1 + 7 = 4*f. Let q(v) = -v**2 - v. Let r be q(-1). Let h(b) = -1 + 5*b**3 + r*b**3 + f + 3*b**3. Give h(-1).
-7
Let w(u) = -u - 8. Let o be 4/(-20) - (-524)/20. Let j = o - 33. What is w(j)?
-1
Let y(u) = -5*u + 4*u + 3 + 4 - 3. Calculate y(0).
4
Let v(z) = -z**3 - z + 1. Let g = 26 - 23. Let n be ((-12)/9)/((-2)/g). Calculate v(n).
-9
Let f(c) = 2*c + 5. Let g(u) = -u**3 + u**2 + 5*u - 4. Let i be g(3). Let v = i + 11. Calculate f(v).
13
Let i(f) = 5*f - 10. Let g(p) = 11*p - 21. Let h(z) = -6*g(z) + 13*i(z). Let r be h(-5). Let j(d) = -7*d**2. What is j(r)?
-7
Suppose 5*f - 1 + 16 = 0, -15 = 3*n - f. Let h(l) = -l**2 - 7*l + 3. Give h(n).
9
Let g = 12 + -4. Let u be 5*(g/(-5) - -2). Let s(h) = h + 3. Let z(m) = 2*m + 4. Let d(f) = 3*s(f) - 2*z(f). Calculate d(u).
-1
Suppose -r = -v, -r - 20 = -0*v + 3*v. Let p(i) = -3*i**3 + 7 - 3*i + 5*i**3 + 4*i**2 - i**3. Let h be p(v). Let l(y) = y**2 - 4. Calculate l(h).
5
Let s(x) be the first derivative of -x**3/3 + 5*x**2/2 - 3*x - 11. Let m be (-3)/(-1)*(0 + 1). Suppose -18 = o - 2*o + 3*h, 5*o - m*h = 30. Give s(o).
3
Let b(c) = 6*c - 8. Let n(u) = -5*u + 7. Let a(y) = -6*b(y) - 7*n(y). Let z = 7 - 3. Let v(k) = k. Let s be v(z). Calculate a(s).
-5
Suppose 2*r + 2*r + 3 = 5*t, 4*t = -4*r + 24. Let s be (-5)/((-15)/(-4))*r. Let m(f) = -f - 5. Determine m(s).
-1
Suppose 0 = -3*o - 12, 6*h - h - 22 = 3*o. Let z be (-3)/h - (-9)/6. Let c(i) = -i**2 + i - 7. Give c(z).
-7
Suppose -2*l = 3*l - 10. Let z(n) = -2*n**2 - 4*n**3 + 13*n**3 + n**l + 1. Give z(-1).
-9
Let k(y) = -y**2 + 2*y - 3. Let x(n) = n**3 + n**2 + 2*n + 3. Let f be x(0). Suppose -2*s - 2 = -f*s. Determine k(s).
-3
Let h(l) = l**2 + 3*l - 5. Suppose -2*i - j + 25 = -7*i, 0 = 4*j. Let r be i/(-1) - 0/(-1). Suppose -3*w = -2*w + r. What is h(w)?
5
Let o = -12 + 5. Let l = o - -7. Let g(f) = f**3 - f + 6. What is g(l)?
6
Let z(x) = 2*x**2 - 3*x + 10. Let o(i) = i**2 - i + 5. Let y(q) = -5*o(q) + 2*z(q). Suppose 0 = g - 2*g + 2*g. Calculate y(g).
-5
Let w(i) = -3*i**3 - i**2 + 3*i. Let o(s) = 13*s**3 + 3*s**2 - 13*s + 1. Let j(h) = 2*o(h) + 9*w(h). Calculate j(-4).
14
Let y(n) = n**3 + n**2. Let a be y(0). Suppose j + 0*j + 5 = a. Let b(h) = -h + 1. Let x(z) = z**2 + z + 3. Let r(c) = -4*b(c) + x(c). Give r(j).
-1
Let g(h) = 4*h - 2 - 2 + h - 6*h. Give g(3).
-7
Suppose 3*r = r + 12. Let c be ((-3)/5)/(r/30). Let g(y) be the second derivative of -y**4/12 + 2*y**2 + y. What is g(c)?
-5
Let i(g) be the first derivative of -g**7/840 - 7*g**6/360 - g**5/24 + 5*g**4/24 + 2*g**3/3 - 4. Let o(u) be the third derivative of i(u). Calculate o(-6).
-1
Let i(z) = 2*z**3 - 8 + 6*z - 389*z**2 - 3*z**3 + 383*z**2. Determine i(-7).
-1
Let b(d) = -d**2 + 9 + 1 - 6 - 5*d. Let z(i) = 2*i**3 + 3*i**2. Let t be z(-2). What is b(t)?
8
Suppose 0 = o - 6*o. Let w(l) = l - 14. Give w(o).
-14
Let y(a) = -a**3 - 7234*a**2 + 10 + 7234*a**2 - a. What is y(0)?
10
Let c(l) be the first derivative of 1/60*l**5 - 1/6*l**4 + 1/2*l**2 + 0*l + 2 - 1/6*l**3. Let t(j) be the second derivative of c(j). Determine t(4).
-1
Let z(t) be the second derivative of t**5/10 + t**4/3 + 2*t**3/3 + t**2 - t. Suppose -2*r + 4 = 2*m, -m = 3*m + r + 4. Determine z(m).
-6
Let c(i) = -2*i + 4. Let x be c(-7). Let f be ((-2)/6)/((-1)/x). Let v(b) = b**3 - 5*b**2 - 4*b - 5. What is v(f)?
7
Suppose 10*z = 5*z + 10. Suppose -2*t + z*q - 8 = -4*t, 4*t + 3*q - 13 = 0. Let h(v) = -v. What is h(t)?
-1
Let z(r) = -r**3 - r**2. Let k = -13 - -12. Give z(k).
0
Let m be (-4)/14 - (-115)/35. Let u(y) = -5*y + 4*y - 88*y**3 + 83*y**m - 2*y**2. What is u(-1)?
4
Let b(t) = t + 0 + 5 - 2. Let m(u) = -u**2 + 9*u + 10. Suppose 50 = 8*h - 3*h. Let y be m(h). What is b(y)?
3
Let a(f) = -f**3 + f**2 - f + 1. Let z(q) = -4*q**3 + 9*q**2 + 2*q + 11. Let x(o) = -3*a(o) + z(o). Calculate x(7).
-6
Let m(x) = x - 1. Let y(z) = -15*z + 15. Let u(s) = -33*m(s) - 2*y(s). Let o(i) = i**2 + 3*i - 7. Let j be o(-5). Calculate u(j).
-6
Let f(z) be the first derivative of -z**4/8 - 3*z**2/2 - 1. Let l(j) be the second derivative of f(j). Determine l(-2).
6
Let f(q) = q**2 - 5*q - 1. Let b(n) = -n**2 + 4*n + 1. Let w(m) = 5*b(m) + 4*f(m). Let d(x) = x**3 + 4*x**2 + 4*x + 3. Let r be d(-2). Calculate w(r).
-8
Let s(x) = 0*x**2 + 0*x + x**2 - 2*x. Suppose -6*d - 8 = 4. Give s(d).
8
Let h(p) = p**3 + 5*p**2 + 3*p. Let k be h(-4). Let r(q) = 1 - 3 - 4*q - q**2 - 2 + 2*q**2. What is r(k)?
-4
Let v(l) = -l**3 - 9*l**2 + 20*l - 20. Let t be v(-11). Let j(m) = -2*m. Give j(t).
-4
Let u(j) = -11*j**3 - 5*j**2 + 5*j + 3. Let g(w) = w**3 + w**2 - w - 1. Let f(o) = 4*g(o) + u(o). Let v = -17 - -12. Let s be ((-2)/(-4))/(v/(-10)). Give f(s).
-8
Let u(y) = -y**3 + 2*y**2 + 4. Let i = -30 + 33. Give u(i).
-5
Let z(v) = -6*v + 4. Let b(h) = 13*h - 9. Let t(w) = 3*b(w) + 7*z(w). Calculate t(1).
-2
Let m(u) = -5*u + 3*u + u + 2 - 3. Determine m(1).
-2
Let b(u) = -u**3 + 12*u**2 - 10*u - 12. Let r be b(11). Let d(s) = s**2 - 2*s - 1. Calculate d(r).
2
Let u(o) = o**3 + o**2 - 4*o + 5. Let q(h) = 5*h**3 + 5*h**2 - 21*h + 26. Let c(b) = 2*q(b) - 11*u(b). What is c(2)?
-11
Suppose -10 = 4*l - 2. Let v(g) = 3*g - 3. Let c(r) = r - 1. Let q(o) = l*v(o) + 5*c(o). Give q(-3).
4
Suppose 3*h - 4 - 2 = 0. Let n = -1 - -3. Let a(f) = -2*f - n + 2 - 1. What is a(h)?
-5
Let n(q) = -q**2 + 7*q + 6. Let t(c) = c**2 + 5*c + 4. Let w be t(-8). Let x be 0 - 3*w/(-12). Determine n(x).
6
Let v(z) = -3*z + 2. Let d be -1 + -4*3/6. Determine v(d).
11
Let u = -54 - -54. Let y(o) = -o**3 - o + 8. What is y(u)?
8
Let a(f) = f**2 - 8*f + 8. Let n be a(6). Let x(v) = 2*v - 8. Let h(l) = l. Let k(j) = 3*h(j) - x(j). Give k(n).
4
Let v(t) be the third derivative of 0 - 1/24*t**4 - t**2 + 2/3*t**3 + 0*t. Determine v(0).
4
Let n(u) = u**2 + 4*u - 5. Let j(q) = -3*q - 2. Let b be j(1). What is n(b)?
0
Suppose 2*y - 5 = 1. Let q(r) = 4*r**2 - 8*r. Let n(a) be the first derivative of -a**3/3 + a**2/2 + a - 1. Let s(b) = 3*n(b) + q(b). Give s(y).
-3
Let k(s) = s**3 - 4*s**2 - 6*s + 2. Let f(y) = -y + 10. Let c be f(8). Let v(j) = 3*j - 1. Let g be v(c). Determine k(g).
-3
Let q(a) = 6*a + 7. Let m(j) = -7*j - 8. Let o(l) = 5*m(l) + 6*q(l). Give o(-6).
-4
Suppose -4 + 1 = -u. Let a be 21/6 - 3/6. Let p(t) = -t + a - 1 - t**3 + 2*t**2 + 4*t - 1. Determine p(u).
1
Let q(o) = 9 + 0 - 2 - o. Suppose 0 = a - 6*a + 15. Let k be 5/a*(-6)/(-2). Give q(k).
2
Suppose -2*v + 5*v = 6. Let w(z) = -z**3 - 3 - z**2 + v*z**3 + 4. Determine w(0).
1
Let f be (4/(-18) + (-5)/(-9))*-6. Let w(q) = 2*q**2 + 2*q - 2. Calculate w(f).
2
Suppose 3*v = -3 - 15. Let s = v - -6. Let n(w) = 2*w**2 + s*w**2 - w**3 + 3*w - w**2. Give n(3).
-9
Let r(h) be the third derivative of -h**5/20 + h**4/8 - 